[INFO] cloning repository https://github.com/AbdelazizSaid250/rust-web
[INFO] running `Command { std: "git" "-c" "credential.helper=" "-c" "credential.helper=/workspace/cargo-home/bin/git-credential-null" "clone" "--bare" "https://github.com/AbdelazizSaid250/rust-web" "/workspace/cache/git-repos/https%3A%2F%2Fgithub.com%2FAbdelazizSaid250%2Frust-web", kill_on_drop: false }`
[INFO] [stderr] Cloning into bare repository '/workspace/cache/git-repos/https%3A%2F%2Fgithub.com%2FAbdelazizSaid250%2Frust-web'...
[INFO] running `Command { std: "git" "rev-parse" "HEAD", kill_on_drop: false }`
[INFO] [stdout] aa601cd930235acd76bacbd7134be63cf7e8c3dc
[INFO] checking AbdelazizSaid250/rust-web against master#9610dfe5a9a731ced1ea4923ecbd0c57fe367898 for beta-170-4
[INFO] running `Command { std: "git" "clone" "/workspace/cache/git-repos/https%3A%2F%2Fgithub.com%2FAbdelazizSaid250%2Frust-web" "/workspace/builds/worker-7-tc1/source", kill_on_drop: false }`
[INFO] [stderr] Cloning into '/workspace/builds/worker-7-tc1/source'...
[INFO] [stderr] done.
[INFO] validating manifest of git repo https://github.com/AbdelazizSaid250/rust-web on toolchain 9610dfe5a9a731ced1ea4923ecbd0c57fe367898
[INFO] running `Command { std: CARGO_HOME="/workspace/cargo-home" RUSTUP_HOME="/workspace/rustup-home" "/workspace/cargo-home/bin/cargo" "+9610dfe5a9a731ced1ea4923ecbd0c57fe367898" "metadata" "--manifest-path" "Cargo.toml" "--no-deps", kill_on_drop: false }`
[INFO] started tweaking git repo https://github.com/AbdelazizSaid250/rust-web
[INFO] finished tweaking git repo https://github.com/AbdelazizSaid250/rust-web
[INFO] tweaked toml for git repo https://github.com/AbdelazizSaid250/rust-web written to /workspace/builds/worker-7-tc1/source/Cargo.toml
[INFO] crate git repo https://github.com/AbdelazizSaid250/rust-web already has a lockfile, it will not be regenerated
[INFO] running `Command { std: CARGO_HOME="/workspace/cargo-home" RUSTUP_HOME="/workspace/rustup-home" "/workspace/cargo-home/bin/cargo" "+9610dfe5a9a731ced1ea4923ecbd0c57fe367898" "fetch" "--manifest-path" "Cargo.toml", kill_on_drop: false }`
[INFO] [stderr]     Updating crates.io index
[INFO] [stderr]     Blocking waiting for file lock on package cache
[INFO] [stderr]  Downloading crates ...
[INFO] [stderr]   Downloaded validator_derive v0.12.0
[INFO] [stderr]   Downloaded strum_macros v0.19.4
[INFO] [stderr]   Downloaded paperclip-actix v0.3.0
[INFO] [stderr]   Downloaded paperclip-core v0.3.0
[INFO] [stderr]   Downloaded actix-web v3.3.3
[INFO] [stderr]   Downloaded dotenv_codegen_implementation v0.15.0
[INFO] [stderr]   Downloaded if_chain v1.0.2
[INFO] [stderr]   Downloaded validator_types v0.12.0
[INFO] [stderr]   Downloaded dotenv_codegen v0.15.0
[INFO] [stderr]   Downloaded r2d2 v0.8.9
[INFO] [stderr]   Downloaded actix-identity v0.3.1
[INFO] [stderr]   Downloaded scheduled-thread-pool v0.2.5
[INFO] [stderr]   Downloaded smartstring v0.2.10
[INFO] [stderr]   Downloaded pin-project-internal v0.4.29
[INFO] [stderr]   Downloaded pin-project v0.4.29
[INFO] [stderr]   Downloaded bson v1.2.4
[INFO] [stderr]   Downloaded validator v0.12.0
[INFO] [stderr]   Downloaded actix-http v3.0.4
[INFO] [stderr]   Downloaded futures-enum v0.1.17
[INFO] [stderr]   Downloaded actix-http v2.2.2
[INFO] [stderr]   Downloaded paperclip v0.5.0
[INFO] [stderr]   Downloaded juniper v0.15.9
[INFO] [stderr]   Downloaded graphql-parser v0.3.0
[INFO] [stderr]   Downloaded strum v0.19.5
[INFO] [stderr]   Downloaded paperclip-macros v0.4.0
[INFO] [stderr]   Downloaded juniper_codegen v0.15.9
[INFO] running `Command { std: "docker" "create" "-v" "/var/lib/crater-agent-workspace/builds/worker-7-tc1/target:/opt/rustwide/target:rw,Z" "-v" "/var/lib/crater-agent-workspace/builds/worker-7-tc1/source:/opt/rustwide/workdir:ro,Z" "-v" "/var/lib/crater-agent-workspace/cargo-home:/opt/rustwide/cargo-home:ro,Z" "-v" "/var/lib/crater-agent-workspace/rustup-home:/opt/rustwide/rustup-home:ro,Z" "-e" "SOURCE_DIR=/opt/rustwide/workdir" "-e" "CARGO_TARGET_DIR=/opt/rustwide/target" "-e" "CARGO_HOME=/opt/rustwide/cargo-home" "-e" "RUSTUP_HOME=/opt/rustwide/rustup-home" "-w" "/opt/rustwide/workdir" "-m" "1610612736" "--user" "0:0" "--network" "none" "ghcr.io/rust-lang/crates-build-env/linux@sha256:19e73879b68f455e41552ea35293514db52ea292d993f571636dbffedb77a1ee" "/opt/rustwide/cargo-home/bin/cargo" "+9610dfe5a9a731ced1ea4923ecbd0c57fe367898" "metadata" "--no-deps" "--format-version=1", kill_on_drop: false }`
[INFO] [stdout] 804517c3ae3377d1c398bac0a562ed390d086081385ac0cf8125caca64007ef4
[INFO] running `Command { std: "docker" "start" "-a" "804517c3ae3377d1c398bac0a562ed390d086081385ac0cf8125caca64007ef4", kill_on_drop: false }`
[INFO] running `Command { std: "docker" "inspect" "804517c3ae3377d1c398bac0a562ed390d086081385ac0cf8125caca64007ef4", kill_on_drop: false }`
[INFO] running `Command { std: "docker" "rm" "-f" "804517c3ae3377d1c398bac0a562ed390d086081385ac0cf8125caca64007ef4", kill_on_drop: false }`
[INFO] [stdout] 804517c3ae3377d1c398bac0a562ed390d086081385ac0cf8125caca64007ef4
[INFO] running `Command { std: "docker" "create" "-v" "/var/lib/crater-agent-workspace/builds/worker-7-tc1/target:/opt/rustwide/target:rw,Z" "-v" "/var/lib/crater-agent-workspace/builds/worker-7-tc1/source:/opt/rustwide/workdir:ro,Z" "-v" "/var/lib/crater-agent-workspace/cargo-home:/opt/rustwide/cargo-home:ro,Z" "-v" "/var/lib/crater-agent-workspace/rustup-home:/opt/rustwide/rustup-home:ro,Z" "-e" "SOURCE_DIR=/opt/rustwide/workdir" "-e" "CARGO_TARGET_DIR=/opt/rustwide/target" "-e" "CARGO_INCREMENTAL=0" "-e" "RUST_BACKTRACE=full" "-e" "RUSTFLAGS=--cap-lints=forbid" "-e" "RUSTDOCFLAGS=--cap-lints=forbid" "-e" "CARGO_HOME=/opt/rustwide/cargo-home" "-e" "RUSTUP_HOME=/opt/rustwide/rustup-home" "-w" "/opt/rustwide/workdir" "-m" "1610612736" "--user" "0:0" "--network" "none" "ghcr.io/rust-lang/crates-build-env/linux@sha256:19e73879b68f455e41552ea35293514db52ea292d993f571636dbffedb77a1ee" "/opt/rustwide/cargo-home/bin/cargo" "+9610dfe5a9a731ced1ea4923ecbd0c57fe367898" "check" "--frozen" "--all" "--all-targets" "--message-format=json", kill_on_drop: false }`
[INFO] [stdout] c834fe32b0b2d169498d9c46626fa77de28f8d6b9469cb1e93b74a572f45c2f8
[INFO] running `Command { std: "docker" "start" "-a" "c834fe32b0b2d169498d9c46626fa77de28f8d6b9469cb1e93b74a572f45c2f8", kill_on_drop: false }`
[INFO] [stderr]    Compiling syn v1.0.86
[INFO] [stderr]    Compiling libc v0.2.119
[INFO] [stderr]    Compiling serde v1.0.136
[INFO] [stderr]    Compiling log v0.4.14
[INFO] [stderr]    Compiling memchr v2.4.1
[INFO] [stderr]    Compiling futures-core v0.3.21
[INFO] [stderr]     Checking pin-project-lite v0.2.8
[INFO] [stderr]    Compiling typenum v1.15.0
[INFO] [stderr]    Compiling generic-array v0.14.5
[INFO] [stderr]     Checking futures-sink v0.3.21
[INFO] [stderr]    Compiling futures-channel v0.3.21
[INFO] [stderr]    Compiling futures-task v0.3.21
[INFO] [stderr]    Compiling futures-util v0.3.21
[INFO] [stderr]     Checking futures-io v0.3.21
[INFO] [stderr]     Checking itoa v1.0.1
[INFO] [stderr]     Checking bytes v1.1.0
[INFO] [stderr]    Compiling indexmap v1.8.0
[INFO] [stderr]     Checking tracing-core v0.1.22
[INFO] [stderr]     Checking matches v0.1.9
[INFO] [stderr]    Compiling pin-project-internal v0.4.29
[INFO] [stderr]     Checking tinyvec v1.5.1
[INFO] [stderr]     Checking form_urlencoded v1.0.1
[INFO] [stderr]     Checking subtle v2.4.1
[INFO] [stderr]     Checking unicode-bidi v0.3.7
[INFO] [stderr]     Checking ryu v1.0.9
[INFO] [stderr]    Compiling serde_json v1.0.79
[INFO] [stderr]     Checking linked-hash-map v0.5.4
[INFO] [stderr]    Compiling num-traits v0.2.14
[INFO] [stderr]    Compiling standback v0.2.17
[INFO] [stderr]     Checking http v0.2.6
[INFO] [stderr]     Checking copyless v0.1.5
[INFO] [stderr]     Checking cpufeatures v0.2.1
[INFO] [stderr]    Compiling async-trait v0.1.52
[INFO] [stderr]    Compiling num-integer v0.1.44
[INFO] [stderr]    Compiling parking_lot_core v0.9.1
[INFO] [stderr]    Compiling encoding_rs v0.8.30
[INFO] [stderr]    Compiling const_fn v0.4.9
[INFO] [stderr]    Compiling httparse v1.6.0
[INFO] [stderr]     Checking match_cfg v0.1.0
[INFO] [stderr]     Checking cpuid-bool v0.2.0
[INFO] [stderr]     Checking aho-corasick v0.7.18
[INFO] [stderr]    Compiling time v0.2.27
[INFO] [stderr]    Compiling proc-macro-error-attr v1.0.4
[INFO] [stderr]     Checking lru-cache v0.1.2
[INFO] [stderr]     Checking bytestring v1.0.0
[INFO] [stderr]    Compiling cookie v0.14.4
[INFO] [stderr]     Checking unicode-normalization v0.1.19
[INFO] [stderr]     Checking signal-hook-registry v1.4.0
[INFO] [stderr]     Checking iovec v0.1.4
[INFO] [stderr]     Checking net2 v0.2.37
[INFO] [stderr]     Checking getrandom v0.2.5
[INFO] [stderr]     Checking parking_lot_core v0.8.5
[INFO] [stderr]     Checking num_cpus v1.13.1
[INFO] [stderr]     Checking getrandom v0.1.16
[INFO] [stderr]     Checking rand_core v0.6.3
[INFO] [stderr]     Checking mio v0.6.23
[INFO] [stderr]     Checking threadpool v1.8.1
[INFO] [stderr]     Checking regex v1.5.4
[INFO] [stderr]     Checking time v0.1.43
[INFO] [stderr]     Checking hostname v0.3.1
[INFO] [stderr]     Checking rand_chacha v0.3.1
[INFO] [stderr]     Checking rand_core v0.5.1
[INFO] [stderr]     Checking resolv-conf v0.7.0
[INFO] [stderr]    Compiling jobserver v0.1.24
[INFO] [stderr]     Checking mio v0.8.0
[INFO] [stderr]     Checking socket2 v0.4.4
[INFO] [stderr]     Checking socket2 v0.3.19
[INFO] [stderr]     Checking rand_chacha v0.2.2
[INFO] [stderr]     Checking fxhash v0.2.1
[INFO] [stderr]     Checking rand v0.8.5
[INFO] [stderr]    Compiling cc v1.0.73
[INFO] [stderr]     Checking rand v0.7.3
[INFO] [stderr]     Checking language-tags v0.2.2
[INFO] [stderr]    Compiling unicode-segmentation v1.9.0
[INFO] [stderr]    Compiling miniz_oxide v0.4.4
[INFO] [stderr]     Checking alloc-no-stdlib v2.0.3
[INFO] [stderr]     Checking local-waker v0.1.2
[INFO] [stderr]     Checking idna v0.2.3
[INFO] [stderr]     Checking mio-uds v0.6.8
[INFO] [stderr]    Compiling pq-sys v0.4.6
[INFO] [stderr]    Compiling zstd-safe v4.1.4+zstd.1.5.2
[INFO] [stderr]     Checking tokio v0.2.25
[INFO] [stderr]     Checking digest v0.9.0
[INFO] [stderr]     Checking cipher v0.2.5
[INFO] [stderr]     Checking universal-hash v0.4.1
[INFO] [stderr]     Checking crypto-mac v0.10.1
[INFO] [stderr]     Checking block-buffer v0.9.0
[INFO] [stderr]     Checking polyval v0.4.5
[INFO] [stderr]     Checking aead v0.3.2
[INFO] [stderr]     Checking hmac v0.10.1
[INFO] [stderr]     Checking sha2 v0.9.9
[INFO] [stderr]     Checking aes-soft v0.6.4
[INFO] [stderr]     Checking ctr v0.6.0
[INFO] [stderr]     Checking sha-1 v0.9.8
[INFO] [stderr]    Compiling heck v0.3.3
[INFO] [stderr]     Checking hkdf v0.10.0
[INFO] [stderr]     Checking crypto-common v0.1.3
[INFO] [stderr]     Checking ghash v0.3.1
[INFO] [stderr]     Checking block-buffer v0.10.2
[INFO] [stderr]     Checking url v2.2.2
[INFO] [stderr]     Checking alloc-stdlib v0.2.1
[INFO] [stderr]     Checking yaml-rust v0.4.5
[INFO] [stderr]    Compiling paste v1.0.7
[INFO] [stderr]    Compiling strum v0.19.5
[INFO] [stderr]     Checking brotli-decompressor v2.3.2
[INFO] [stderr]     Checking digest v0.10.3
[INFO] [stderr]     Checking aes v0.6.0
[INFO] [stderr]     Checking unreachable v1.0.0
[INFO] [stderr]     Checking aes-gcm v0.8.0
[INFO] [stderr]     Checking actix-utils v3.0.0
[INFO] [stderr]    Compiling cookie v0.16.0
[INFO] [stderr]    Compiling time-macros v0.2.4
[INFO] [stderr]     Checking num_threads v0.1.5
[INFO] [stderr]    Compiling anyhow v1.0.55
[INFO] [stderr]     Checking ascii v0.9.3
[INFO] [stderr]    Compiling zstd-sys v1.6.3+zstd.1.5.2
[INFO] [stderr]    Compiling firestorm v0.5.0
[INFO] [stderr]     Checking flate2 v1.0.22
[INFO] [stderr]     Checking ahash v0.7.6
[INFO] [stderr]     Checking sha-1 v0.10.0
[INFO] [stderr]     Checking semver-parser v0.10.2
[INFO] [stderr]     Checking combine v3.8.1
[INFO] [stderr]    Compiling if_chain v1.0.2
[INFO] [stderr]    Compiling validator_types v0.12.0
[INFO] [stderr]    Compiling paperclip v0.5.0
[INFO] [stderr]     Checking actix-service v2.0.2
[INFO] [stderr]     Checking smartstring v0.2.10
[INFO] [stderr]     Checking itertools v0.9.0
[INFO] [stderr]     Checking semver v0.11.0
[INFO] [stderr]    Compiling dotenv v0.15.0
[INFO] [stderr]     Checking tracing-log v0.1.2
[INFO] [stderr]     Checking thread_local v1.1.4
[INFO] [stderr]     Checking regex-automata v0.1.10
[INFO] [stderr]     Checking atty v0.2.14
[INFO] [stderr]     Checking rust-demo v0.1.0 (/opt/rustwide/workdir)
[INFO] [stderr]     Checking env_logger v0.9.0
[INFO] [stderr]     Checking brotli v3.3.3
[INFO] [stderr]     Checking tracing-subscriber v0.3.11
[INFO] [stderr]     Checking matchers v0.0.1
[INFO] [stderr]     Checking time v0.3.9
[INFO] [stderr]     Checking tokio-util v0.3.1
[INFO] [stderr]    Compiling proc-macro-error v1.0.4
[INFO] [stderr]    Compiling derive_utils v0.11.2
[INFO] [stderr]    Compiling serde_derive v1.0.136
[INFO] [stderr]    Compiling futures-macro v0.3.21
[INFO] [stderr]    Compiling tracing-attributes v0.1.20
[INFO] [stderr]    Compiling derive_more v0.99.17
[INFO] [stderr]    Compiling actix-macros v0.1.3
[INFO] [stderr]    Compiling thiserror-impl v1.0.30
[INFO] [stderr]    Compiling pin-project-internal v1.0.10
[INFO] [stderr]    Compiling enum-as-inner v0.3.4
[INFO] [stderr]    Compiling time-macros-impl v0.1.2
[INFO] [stderr]    Compiling diesel_derives v1.4.1
[INFO] [stderr]     Checking tracing v0.1.31
[INFO] [stderr]    Compiling actix-web-codegen v0.4.0
[INFO] [stderr]    Compiling actix-macros v0.2.3
[INFO] [stderr]    Compiling strum_macros v0.19.4
[INFO] [stderr]     Checking pin-project v0.4.29
[INFO] [stderr]     Checking actix-codec v0.3.0
[INFO] [stderr]    Compiling actix-router v0.5.0
[INFO] [stderr]     Checking time-macros v0.1.1
[INFO] [stderr]    Compiling juniper_codegen v0.15.9
[INFO] [stderr]    Compiling futures-enum v0.1.17
[INFO] [stderr]    Compiling validator_derive v0.12.0
[INFO] [stderr]    Compiling dotenv_codegen_implementation v0.15.0
[INFO] [stderr]     Checking thiserror v1.0.30
[INFO] [stderr]     Checking graphql-parser v0.3.0
[INFO] [stderr]     Checking pin-project v1.0.10
[INFO] [stderr]     Checking tracing-futures v0.2.5
[INFO] [stderr]     Checking futures-executor v0.3.21
[INFO] [stderr]     Checking actix-service v1.0.6
[INFO] [stderr]     Checking futures v0.3.21
[INFO] [stderr]     Checking trust-dns-proto v0.19.7
[INFO] [stderr]     Checking local-channel v0.1.2
[INFO] [stderr]    Compiling actix-web-codegen v4.0.0
[INFO] [stderr]     Checking dotenv_codegen v0.15.0
[INFO] [stderr]    Compiling paperclip-macros v0.4.0
[INFO] [stderr]     Checking trust-dns-resolver v0.19.7
[INFO] [stderr]    Compiling diesel v1.4.8
[INFO] [stderr]     Checking lock_api v0.4.6
[INFO] [stderr]     Checking chrono v0.4.19
[INFO] [stderr]     Checking uuid v0.8.2
[INFO] [stderr]     Checking serde_urlencoded v0.7.1
[INFO] [stderr]     Checking actix-router v0.2.7
[INFO] [stderr]     Checking tracing-serde v0.1.3
[INFO] [stderr]     Checking parking_lot v0.11.2
[INFO] [stderr]     Checking parking_lot v0.12.0
[INFO] [stderr]     Checking actix-threadpool v0.3.3
[INFO] [stderr]     Checking scheduled-thread-pool v0.2.5
[INFO] [stderr]     Checking tokio v1.17.0
[INFO] [stderr]     Checking r2d2 v0.8.9
[INFO] [stderr]     Checking actix-rt v1.1.1
[INFO] [stderr]     Checking h2 v0.2.7
[INFO] [stderr]     Checking serde_yaml v0.8.23
[INFO] [stderr]     Checking toml v0.5.8
[INFO] [stderr]     Checking actix-utils v2.0.0
[INFO] [stderr]    Compiling migrations_internals v1.4.1
[INFO] [stderr]     Checking actix-connect v2.0.0
[INFO] [stderr]     Checking actix-server v1.0.4
[INFO] [stderr]     Checking actix-tls v2.0.0
[INFO] [stderr]    Compiling migrations_macros v1.4.2
[INFO] [stderr]     Checking actix-testing v1.0.1
[INFO] [stderr]     Checking bson v1.2.4
[INFO] [stderr]     Checking validator v0.12.0
[INFO] [stderr]     Checking tracing-subscriber v0.2.25
[INFO] [stderr]     Checking juniper v0.15.9
[INFO] [stderr]     Checking tokio-util v0.7.1
[INFO] [stderr]     Checking actix-rt v2.7.0
[INFO] [stderr]     Checking actix-server v2.0.0
[INFO] [stderr]     Checking zstd v0.10.0+zstd.1.5.2
[INFO] [stderr]     Checking actix-codec v0.5.0
[INFO] [stderr]     Checking h2 v0.3.13
[INFO] [stderr]     Checking actix-http v2.2.2
[INFO] [stderr]     Checking awc v2.0.3
[INFO] [stderr]     Checking actix-web v3.3.3
[INFO] [stderr]     Checking actix-http v3.0.4
[INFO] [stderr]     Checking paperclip-core v0.3.0
[INFO] [stderr]     Checking actix-identity v0.3.1
[INFO] [stderr]     Checking paperclip-actix v0.3.0
[INFO] [stderr]     Checking actix-web v4.0.1
[INFO] [stderr]     Checking error v0.1.0 (/opt/rustwide/workdir/error)
[INFO] [stderr]     Checking diesel_migrations v1.4.0
[INFO] [stderr]     Checking yugabyte v0.1.0 (/opt/rustwide/workdir/yugabyte)
[INFO] [stderr]     Checking graphql-service v0.1.0 (/opt/rustwide/workdir/graphql-service)
[INFO] [stderr]     Checking rest-controller v0.1.0 (/opt/rustwide/workdir/rest-service)
[INFO] [stdout] error[E0432]: unresolved import `tracing_subscriber::EnvFilter`
[INFO] [stdout]  --> rest-service/src/controller/mod.rs:4:5
[INFO] [stdout]   |
[INFO] [stdout] 4 | use tracing_subscriber::EnvFilter;
[INFO] [stdout]   |     ^^^^^^^^^^^^^^^^^^^^^^^^^^^^^ no `EnvFilter` in the root
[INFO] [stdout] 
[INFO] [stdout] 
[INFO] [stdout] error[E0432]: unresolved import `tracing_subscriber::EnvFilter`
[INFO] [stdout]  --> rest-service/src/controller/mod.rs:4:5
[INFO] [stdout]   |
[INFO] [stdout] 4 | use tracing_subscriber::EnvFilter;
[INFO] [stdout]   |     ^^^^^^^^^^^^^^^^^^^^^^^^^^^^^ no `EnvFilter` in the root
[INFO] [stdout] 
[INFO] [stdout] 
[INFO] [stdout] error[E0599]: no method named `with_env_filter` found for struct `SubscriberBuilder` in the current scope
[INFO] [stdout]   --> rest-service/src/controller/mod.rs:70:10
[INFO] [stdout]    |
[INFO] [stdout] 69 | /     tracing_subscriber::fmt()
[INFO] [stdout] 70 | |         .with_env_filter(EnvFilter::from_default_env())
[INFO] [stdout]    | |         -^^^^^^^^^^^^^^^ help: there is a method with a similar name: `with_file`
[INFO] [stdout]    | |_________|
[INFO] [stdout]    | 
[INFO] [stdout] 
[INFO] [stdout] 
[INFO] [stdout] error[E0599]: no method named `with_env_filter` found for struct `SubscriberBuilder` in the current scope
[INFO] [stdout]   --> rest-service/src/controller/mod.rs:70:10
[INFO] [stdout]    |
[INFO] [stdout] 69 | /     tracing_subscriber::fmt()
[INFO] [stdout] 70 | |         .with_env_filter(EnvFilter::from_default_env())
[INFO] [stdout]    | |         -^^^^^^^^^^^^^^^ help: there is a method with a similar name: `with_file`
[INFO] [stdout]    | |_________|
[INFO] [stdout]    | 
[INFO] [stdout] 
[INFO] [stdout] 
[INFO] [stdout] error: aborting due to 2 previous errors
[INFO] [stdout] 
[INFO] [stdout] 
[INFO] [stdout] Some errors have detailed explanations: E0432, E0599.
[INFO] [stdout] 
[INFO] [stdout] For more information about an error, try `rustc --explain E0432`.
[INFO] [stdout] 
[INFO] [stdout] error: aborting due to 2 previous errors
[INFO] [stdout] 
[INFO] [stdout] 
[INFO] [stdout] Some errors have detailed explanations: E0432, E0599.
[INFO] [stdout] 
[INFO] [stdout] For more information about an error, try `rustc --explain E0432`.
[INFO] [stdout] 
[INFO] [stderr] error: could not compile `rest-controller` (bin "rest-controller" test) due to 3 previous errors
[INFO] [stderr] warning: build failed, waiting for other jobs to finish...
[INFO] [stderr] error: could not compile `rest-controller` (bin "rest-controller") due to 3 previous errors
[INFO] running `Command { std: "docker" "inspect" "c834fe32b0b2d169498d9c46626fa77de28f8d6b9469cb1e93b74a572f45c2f8", kill_on_drop: false }`
[INFO] running `Command { std: "docker" "rm" "-f" "c834fe32b0b2d169498d9c46626fa77de28f8d6b9469cb1e93b74a572f45c2f8", kill_on_drop: false }`
[INFO] [stdout] c834fe32b0b2d169498d9c46626fa77de28f8d6b9469cb1e93b74a572f45c2f8
